550.
22
Calculate the highest common factor of 54 and 162.
54
Calculate the greatest common divisor of 3 and 87.
3
Calculate the highest common divisor of 4 and 27.
1
What is the greatest common divisor of 47 and 12032?
47
What is the greatest common divisor of 102 and 187?
17
Calculate the greatest common factor of 153 and 981.
9
Calculate the greatest common divisor of 4 and 372.
4
Calculate the highest common divisor of 19 and 5149.
19
What is the highest common divisor of 24 and 294?
6
Calculate the highest common factor of 13025 and 25.
25
What is the greatest common factor of 20 and 2852?
4
What is the highest common divisor of 26 and 598?
26
What is the highest common factor of 406 and 14?
14
Calculate the highest common factor of 462 and 126.
42
What is the highest common divisor of 553 and 7?
7
What is the highest common factor of 200 and 125?
25
What is the highest common divisor of 71 and 5041?
71
What is the highest common divisor of 72 and 4248?
72
What is the highest common factor of 9156 and 12?
12
What is the highest common factor of 640 and 6016?
128
Calculate the greatest common factor of 6123 and 234.
39
Calculate the greatest common divisor of 108 and 51.
3
Calculate the highest common divisor of 109 and 109.
109
Calculate the greatest common factor of 62064 and 48.
48
Calculate the highest common factor of 8 and 10.
2
What is the highest common factor of 105 and 30?
15
What is the highest common divisor of 48 and 832?
16
Calculate the highest common factor of 240 and 840.
120
What is the greatest common factor of 50343 and 97?
97
Calculate the greatest common divisor of 4123 and 217.
217
Calculate the highest common factor of 140 and 11200.
140
What is the highest common factor of 36 and 1332?
36
What is the greatest common divisor of 473 and 86?
43
What is the greatest common divisor of 52 and 12272?
52
Calculate the highest common factor of 308 and 55.
11
What is the highest common factor of 8 and 24?
8
Calculate the highest common divisor of 20 and 220.
20
What is the greatest common factor of 44 and 1826?
22
Calculate the highest common factor of 68 and 4.
4
Calculate the highest common divisor of 612 and 1908.
36
What is the greatest common divisor of 1050 and 42?
42
Calculate the highest common divisor of 20 and 13750.
10
What is the greatest common factor of 81 and 153?
9
What is the highest common divisor of 10 and 40?
10
Calculate the highest common divisor of 102 and 153.
51
What is the greatest common factor of 13845 and 390?
195
Calculate the highest common factor of 70 and 1680.
70
What is the greatest common factor of 23126 and 248?
62
Calculate the highest common divisor of 38 and 10621.
19
What is the highest common divisor of 10 and 33250?
10
Calculate the highest common divisor of 5 and 295.
5
What is the highest common divisor of 1647 and 81?
27
Calculate the highest common divisor of 120 and 360.
120
Calculate the highest common divisor of 240 and 890.
10
What is the highest common divisor of 40 and 450?
10
Calculate the highest common factor of 264 and 4092.
132
What is the highest common divisor of 74 and 6?
2
Calculate the greatest common factor of 102 and 34.
34
Calculate the highest common divisor of 12 and 86.
2
What is the highest common factor of 53 and 424?
53
Calculate the highest common divisor of 87 and 696.
87
Calculate the greatest common factor of 247 and 57.
19
What is the greatest common factor of 665 and 38?
19
What is the greatest common factor of 868 and 84?
28
What is the highest common divisor of 58 and 74?
2
Calculate the greatest common divisor of 2 and 64.
2
What is the highest common factor of 180 and 1860?
60
What is the highest common divisor of 7 and 21?
7
What is the highest common divisor of 7840 and 64?
32
Calculate the highest common factor of 5 and 45.
5
Calculate the highest common factor of 2028 and 36.
12
What is the highest common divisor of 22 and 2024?
22
Calculate the greatest common divisor of 6 and 606.
6
Calculate the greatest common factor of 1044 and 1548.
36
What is the greatest common divisor of 28441 and 119?
119
What is the greatest common factor of 108 and 36?
36
Calculate the greatest common divisor of 80 and 5.
5
What is the highest common factor of 2 and 125?
1
Calculate the highest common divisor of 544 and 1360.
272
Calculate the highest common factor of 70 and 385.
35
What is the highest common factor of 370 and 190?
10
Calculate the highest common factor of 276 and 24.
12
Calculate the greatest common factor of 38 and 9158.
38
What is the highest common factor of 8 and 23?
1
What is the highest common divisor of 90 and 370?
10
What is the greatest common factor of 8160 and 255?
255
Calculate the greatest common divisor of 11 and 451.
11
Calculate the highest common divisor of 90 and 2385.
45
Calculate the highest common factor of 416 and 169.
13
What is the highest common factor of 68 and 4862?
34
What is the greatest common divisor of 71 and 1136?
71
What is the highest common divisor of 135 and 81?
27
What is the greatest common divisor of 3651 and 3?
3
Calculate the highest common factor of 1080 and 648.
216
What is the greatest common factor of 200 and 325?
25
Calculate the greatest common factor of 44 and 10494.
22
Calculate the highest common divisor of 15 and 405.
15
What is the greatest common factor of 47404 and 7?
7
What is the highest common factor of 319 and 203?
29
What is the highest common factor of 126 and 19782?
126
What is the highest common factor of 255 and 3264?
51
What is the highest common divisor of 1131 and 609?
87
Calculate the greatest common divisor of 5066 and 136.
34
What is the highest common factor of 368 and 496?
16
What is the greatest common divisor of 77 and 7634?
11
What is the greatest common divisor of 8565 and 45?
15
What is the greatest common divisor of 497 and 284?
71
What is the greatest common factor of 60 and 16?
4
What is the highest common factor of 1037 and 122?
61
What is the greatest common divisor of 776 and 97?
97
Calculate the highest common factor of 12416 and 128.
128
What is the highest common divisor of 124 and 40486?
62
What is the highest common divisor of 45 and 3?
3
What is the greatest common divisor of 488 and 1037?
61
What is the highest common factor of 6 and 693?
3
What is the highest common factor of 51 and 3?
3
Calculate the greatest common factor of 452 and 52.
4
Calculate the highest common divisor of 210 and 1290.
30
What is the greatest common divisor of 22 and 33?
11
What is the highest common factor of 70149 and 201?
201
What is the greatest common divisor of 5470 and 20?
10
What is the highest common divisor of 30 and 1730?
10
Calculate the greatest common factor of 100 and 725.
25
What is the highest common divisor of 24 and 150?
6
Calculate the highest common divisor of 32 and 2048.
32
Calculate the greatest common divisor of 658 and 4794.
94
What is the highest common divisor of 5 and 1915?
5
What is the highest common divisor of 88 and 5324?
44
What is the highest common factor of 33 and 11561?
11
Calculate the highest common divisor of 92 and 322.
46
What is the highest common factor of 24 and 7?
1
What is the highest common divisor of 96 and 432?
48
Calculate the greatest common factor of 1638 and 14.
14
Calculate the highest common divisor of 228 and 888.
12
What is the greatest common factor of 15 and 705?
15
What is the highest common divisor of 737 and 134?
67
What is the greatest common divisor of 272 and 476?
68
Calculate the greatest common divisor of 310 and 124.
62
What is the highest common divisor of 27 and 1?
1
What is the greatest common divisor of 48 and 1128?
24
What is the greatest common factor of 9958 and 78?
26
What is the highest common divisor of 90 and 6030?
90
Calculate the highest common divisor of 91 and 7.
7
What is the highest common factor of 8 and 956?
4
Calculate the highest common divisor of 43 and 1.
1
What is the greatest common factor of 5949 and 9?
9
Calculate the highest common divisor of 110 and 44.
22
What is the greatest common factor of 210 and 1605?
15
Calculate the highest common divisor of 925 and 481.
37
What is the highest common divisor of 136 and 34?
34
What is the highest common divisor of 688 and 432?
16
What is 